at is 102 - -1122102222?
1122110101
In base 2, what is 10010111100010101011 - 10?
10010111100010101001
In base 12, what is 2 - 57742?
-57740
In base 10, what is -1 + -2705?
-2706
In base 3, what is 101 - -20212121122?
20212122000
In base 12, what is -1bb877 - 2?
-1bb879
In base 13, what is 5437 - 21?
5416
In base 4, what is 1322031233 - 11?
1322031222
In base 10, what is 10 + -9896?
-9886
In base 8, what is -56750 + -25?
-56775
In base 10, what is -401312 - 1?
-401313
In base 7, what is -45562 + -6?
-45601
In base 7, what is -522633 + 3?
-522630
In base 16, what is -2 - 2def?
-2df1
In base 5, what is 143410 + 1244?
200204
In base 2, what is 100111111100110100 + -11?
100111111100110001
In base 15, what is 3 + -1309?
-1306
In base 7, what is 31 - -1651205?
1651236
In base 13, what is 8 - 17cc1?
-17cb6
In base 15, what is a1 - -b12?
bb3
In base 13, what is 2 + -48c99?
-48c97
In base 5, what is -1304021 - -32?
-1303434
In base 4, what is 221313 + -221?
221032
In base 6, what is -2 - -2510402?
2510400
In base 5, what is 1412 + 342403?
344320
In base 7, what is 2254 - -112?
2366
In base 10, what is 6 + -7269?
-7263
In base 2, what is -11010001010 + -100?
-11010001110
In base 6, what is -300 - 2040?
-2340
In base 8, what is -33243636 + 1?
-33243635
In base 16, what is 37f0a - 1?
37f09
In base 10, what is -502 + 74?
-428
In base 6, what is -14132 - 3102?
-21234
In base 2, what is -1011000111011 - 10001?
-1011001001100
In base 9, what is -16057 - 26?
-16084
In base 15, what is 8 - 4d5e?
-4d56
In base 10, what is -100794 - 4?
-100798
In base 8, what is -1022273 + 3?
-1022270
In base 5, what is 2213 + -30413?
-23200
In base 6, what is 3 + -10131555?
-10131552
In base 3, what is 1220020 - -1201?
1221221
In base 2, what is 10011100 - -1010011001?
1100110101
In base 9, what is 243257 + 0?
243257
In base 3, what is 10021 + 1021?
11112
In base 11, what is -2922 - 5?
-2927
In base 7, what is 5 + 616365?
616403
In base 14, what is -c + -27d65?
-27d73
In base 14, what is 210c9 + 3?
210cc
In base 8, what is -3363 + 10?
-3353
In base 6, what is -111 - 133445?
-134000
In base 6, what is 5 - -315112?
315121
In base 9, what is 2118376 - 0?
2118376
In base 5, what is 2 - 1112403?
-1112401
In base 15, what is 1cdda2 + 2?
1cdda4
In base 4, what is 20 + -1010322?
-1010302
In base 8, what is 32465 + 4?
32471
In base 4, what is 20210311 + -11?
20210300
In base 4, what is -11 - 23300103?
-23300120
In base 7, what is -20314 + 14?
-20300
In base 12, what is -2 - -871a?
8718
In base 14, what is d56 - -5b1?
1527
In base 10, what is 191842 - -2?
191844
In base 2, what is -111000100010010 + 110?
-111000100001100
In base 7, what is 4066 + -12?
4054
In base 13, what is 53 - 375?
-322
In base 15, what is 600e + -65?
5e99
In base 5, what is 100031 - 10?
100021
In base 11, what is 2 - -5a525?
5a527
In base 5, what is 122 - -10314041?
10314213
In base 16, what is ae - 10?
9e
In base 2, what is -11101100011000101 + 1?
-11101100011000100
In base 6, what is -453 - 12255?
-13152
In base 5, what is -201144300 + -3?
-201144303
In base 14, what is -4 - -a12a5?
a12a1
In base 11, what is -3 + -1113?
-1116
In base 16, what is -13 + 8d5?
8c2
In base 9, what is 3 + -4058?
-4055
In base 7, what is -225 - -1403?
1145
In base 15, what is -4a59b - 3?
-4a59e
In base 11, what is -6 - -22101?
220a6
In base 14, what is -5 - 20b8?
-20bd
In base 8, what is 162 + 10015?
10177
In base 4, what is 20 - -1233232?
1233312
In base 6, what is 3 + -12340230?
-12340223
In base 12, what is -2 - 9b05?
-9b07
In base 7, what is 32 - -4162?
4224
In base 2, what is 111101100 - 11100010001?
-10100100101
In base 7, what is 23124 - -1625?
25052
In base 8, what is -730017 + 1?
-730016
In base 3, what is 122000111 + 1111?
122001222
In base 16, what is 4 + -920?
-91c
In base 4, what is 131332302 - -121?
131333023
In base 13, what is -19880 - 2?
-19882
In base 9, what is 2077 + -247?
1730
In base 13, what is -3 + 29501?
294cb
In base 11, what is 2877 + -53?
2824
In base 12, what is 97b26 - b?
97b17
In base 4, what is -131000 + -300?
-131300
In base 16, what is -17 - -b7?
a0
In base 14, what is -2 + -39a27?
-39a29
In base 14, what is -17a24 - -5?
-17a1d
In base 12, what is -34357 + 2?
-34355
In base 11, what is -3899 - -279?
-3620
In base 7, what is 1513 + 2060?
3603
In base 10, what is -71956 - 0?
-71956
In base 13, what is 7c40 - -15?
7c55
In base 4, what is 310112130 + 2?
310112132
In base 8, what is -130 - -52?
-56
In base 16, what is -3 + 10a5?
10a2
In base 3, what is -112211022212 - 12?
-112211100001
In base 4, what is -11032 + 11132?
100
In base 4, what is 11 - -1103231?
1103302
In base 8, what is 105 - 3174?
-3067
In base 9, what is -14182 + -57?
-14250
In base 15, what is 6ed - -81?
77e
In base 14, what is 16 + 5c8?
600
In base 8, what is -5 - 1025?
-1032
In base 6, what is 1503405 + 35?
1503444
In base 8, what is 2 - 123427?
-123425
In base 5, what is 1 + -40320203?
-40320202
In base 9, what is -52148 + 0?
-52148
In base 2, what is 101110 + -100000000001?
-11111010011
In base 14, what is -b1262 - -2?
-b1260
In base 6, what is -4 + -1501101?
-1501105
In base 15, what is 5 - 626?
-621
In base 10, what is -92 - 5056?
-5148
In base 14, what is 1a + -b4?
-98
In base 5, what is -133 + 241313?
241130
In base 2, what is 1101011 + -1010110100111?
-1010100111100
In base 12, what is -10a + 28?
-a2
In base 7, what is 3241035 + -4?
3241031
In base 5, what is 302 - -30233?
31040
In base 5, what is -11024222 + 3?
-11024214
In base 11, what is 60794 - -17?
60800
In base 7, what is 1541 - 60?
1451
In base 13, what is 317 + -136a?
-1053
In base 16, what is 6b - -2ce7?
2d52
In base 13, what is 6 + 699a?
69a3
In base 5, what is 3 + -30132042?
-30132034
In base 5, what is -4 + 341243?
341234
In base 3, what is 201100201002 + -2?
201100201000
In base 3, what is -12202200 + 1102?
-12201021
In base 6, what is -10 - 12043?
-12053
In base 11, what is -2 - -1284?
1282
In base 5, what is -1001214 + 13?
-1001201
In base 4, what is -2023202 - 0?
-2023202
In base 14, what is 5 - b41a?
-b415
In base 8, what is -3413 + -5244?
-10657
In base 7, what is 134 - -2303?
2440
In base 6, what is 11 + -135335?
-135324
In base 11, what is -9 - 25a518?
-25a526
In base 10, what is 5 + -41008?
-41003
In base 13, what is -5 + -164?
-169
In base 11, what is -45558 + -4?
-45561
In base 16, what is -ec - -64f?
563
In base 14, what is -2 + a66?
a64
In base 16, what is 1dfaa + -8?
1dfa2
In base 3, what is 122 - -11221201?
11222100
In base 11, what is -12056 - 2?
-12058
In base 15, what is 2 - -7743?
7745
In base 16, what is 2 + 77df?
77e1
In base 12, what is -335 - 1bb?
-534
In base 13, what is 10688 - 16?
10672
In base 2, what is -1011010111111010000 - 0?
-1011010111111010000
In base 16, what is -2 + -e636?
-e638
In base 7, what is -52 - -666?
614
In base 15, what is -823e - b?
-824a
In base 15, what is 4487c3 - -3?
4487c6
In base 6, what is 101325 - -33?
101402
In base 12, what is -3b - 1807?
-1846
In base 14, what is -5 - 3a87?
-3a8c
In base 14, what is -a + 1055?
1049
In base 16, what is -7 - -7b?
74
In base 6, what is -21323350 - -3?
-21323343
In base 2, what is -101010 - 110001000100011?
-110001001001101
In base 15, what is 433 + 9?
43c
In base 14, what is 3571 + 25?
3596
In base 12, what is 3 - -1086?
1089
In base 6, what is 233420 + 0?
233420
In base 9, what is -61834 - 2?
-61836
In base 6, what is 1154 + -4322?
-3124
In base 4, what is 11 + -110301132?
-110301121
In base 15, what is e + -a4?
-95
In base 16, what is -4 + -bc5d?
-bc61
In base 13, what is 1 + 2894c?
28950
In base 9, what is -6 + 630468?
630462
In base 13, what is -41 + 3328?
32b7
In base 8, what is -12500232 + -3?
-12500235
In base 10, what is 586 - -45?
631
In base 9, what is -1414076 - 4?
-1414081
In base 16, what is -359 + -bb?
-414
In base 6, what is -11 + -52343?
-52354
In base 9, what is -3 + 225680?
225676
In base 9, what is -1220850 + -5?
-1220855
In base 13, what is -1 + 24c9?
24c8
In base 8, what is -71 + 133504?
133413
In base 15, what is 11b1 - 26?
118a
In base 9, what is 5 + 34670?
34675
In base 12, what is 2a + 674?
6a2
In base 2, what is -110 + -100101100101101010?
-100101100101110000
In base 16, what is 1 + -2262?
-2261
In base 10, what is 3 + -246737?
-246734
In base 14, what i